inder when y is divided by 26.
23
Let h(v) = -3*v - 6. Let o be h(-3). Suppose 2*i + 35 = o*d - 2*i, -10 = 2*d + 4*i. Suppose d*u - 83 - 2 = 0. Calculate the remainder when u is divided by 6.
5
Let d(q) = q**3 - 3*q**2 - 8*q + 85. What is the remainder when d(5) is divided by 5?
0
What is the remainder when 134 is divided by 63 + -71 + 68 + 0?
14
Suppose -2688 = 7*d - 28*d. What is the remainder when d is divided by 3?
2
Suppose -2*z = x - 24, -x = 2*z + z - 34. Let o = -18 - -37. What is the remainder when o is divided by z?
9
Let c(k) = k**3 + 5*k**2 + 5. Suppose 40 = 4*d - 2*i, -11*d = -13*d - 5*i + 44. What is the remainder when c(-4) is divided by d?
9
Let i(p) = 5*p**2 - p - 2. Let u = 12 - 3. Suppose 0 = 4*j + u + 3. What is the remainder when i(j) is divided by 12?
10
Let j(o) = -o**2 + 5*o + 22. Let c be j(-10). Let w = c + 146. Calculate the remainder when w is divided by 7.
4
Let w(h) be the second derivative of -h**3/6 + 2*h**2 + 3*h. Let u be w(5). Calculate the remainder when 15 is divided by (-5 - -11) + (1 - u).
7
Calculate the remainder when (1 + 306/8)/((-40)/(-160)) is divided by 54.
49
Suppose -3*m = -38 - 124. What is the remainder when 265 is divided by m?
49
Let r(t) = 67*t**2 + 3*t + 2. What is the remainder when r(-1) is divided by 14?
10
Let j(u) = -u**2 - 2*u + 8. Let n be j(-4). Suppose -3*q - 3*x + 21 = 0, -4*q - 5*x + 31 = -n*x. Calculate the remainder when 91 is divided by (-23)/4*(0 - q).
22
Suppose s + 3*s - 76 = 0. Let f = s - 15. Calculate the remainder when 42 is divided by 44/f - (-2)/(-1).
6
Suppose 17*o - 15*o - 4 = 0. Let t be (-9)/((-45)/(-10))*o. What is the remainder when (-243)/t - 6/8 is divided by 17?
9
Let k(i) = 15*i + 168. What is the remainder when k(-4) is divided by 10?
8
Suppose -1012 = -4*m + 2*c + 978, 0 = m - 2*c - 502. Suppose -7*w + 2*w + 3*z + m = 0, 296 = 3*w - z. What is the remainder when w is divided by 25?
23
What is the remainder when ((-1)/(-2))/(6 - 11949/1992) is divided by 34?
26
Let h = 5 - -3. Suppose -b - h = -10. Calculate the remainder when (15/(-6))/5*-14 is divided by b.
1
Suppose -7 = -2*j - 5*m + 3, 0 = -j + 3*m + 16. Let o(y) = y - 4. Let g be o(10). Let u = g - 0. What is the remainder when j is divided by u?
4
Let w(t) = -t + 16. Let y(b) = b**2 + 4*b. Let l be y(-4). Calculate the remainder when w(l) is divided by 6/21 + 37/(-7) + 11.
4
Suppose -a - 3*m + 5 + 1 = 0, 4 = a + 2*m. Suppose -41 = -5*f - 4*y, -3*y - 3 = -a*y. Let l(t) = -7*t + 7. What is the remainder when l(-4) is divided by f?
8
Let x = 4 + 4. Let p = -14 - -175. What is the remainder when p/(-46)*12/(-2) is divided by x?
5
Calculate the remainder when 562 is divided by (-2)/4 - 3895/(-82).
45
Let o(c) = -c**3 + 16*c**2 - 18*c + 67. What is the remainder when 35 is divided by o(15)?
13
Let p(u) = 4*u**2 - 43*u - 4. What is the remainder when p(12) is divided by 24?
8
Suppose -q - 4*h = -23, 2*q - 70 = -5*h - 9. Suppose 6*c = q + 41. Let d = 182 - 129. Calculate the remainder when d is divided by c.
11
Let q = 68 + -31. Suppose 0 = -4*b + 67 + q. Calculate the remainder when b is divided by (2/2)/(1/7).
5
Let p = 334 + -261. Calculate the remainder when p is divided by 48.
25
Let r(y) = 55*y**2 - y - 3. Let p be r(-3). Suppose -4*h - 15 = -4*w - p, -5*w - 366 = -3*h. What is the remainder when h is divided by 15?
12
Let m = 1972 + -1743. What is the remainder when m is divided by 63?
40
Let n = -29 + 65. Suppose -93*v = -17*v - 7980. What is the remainder when v is divided by n?
33
Let g = 674 - 654. Calculate the remainder when 259 is divided by g.
19
Let a(b) = -b**3 + 56*b**2 - 297*b - 42. Calculate the remainder when a(50) is divided by 15.
3
Let q(r) = 10*r. Let n be q(1). Suppose 2*g = -4*t + 7*g + 58, t + g = n. Calculate the remainder when 47 is divided by t.
11
Let u = 1036 + -1029. What is the remainder when 61/5 - 2/10 is divided by u?
5
Suppose 15*i - 18*i + 45 = 0. Suppose -i - 15 = -3*y. Let v(n) = 36*n**3 + 2*n**2 - 1. Calculate the remainder when v(1) is divided by y.
7
Suppose 0 = -n + 5*o + 63, -3*n - 2*o = -3*o - 217. Suppose 0 = -5*v - 32 + 157. Calculate the remainder when n is divided by v.
23
Suppose 10*p - 9*p - 29 = 0. Let a = 161 + -47. Calculate the remainder when a is divided by p.
27
Let z(x) = -x**3 + 10*x**2 - 20*x + 50. Suppose 129 + 151 = 2*p. Suppose -n - n + p = 0. What is the remainder when n is divided by z(8)?
16
Suppose -139 + 463 = 12*w. Calculate the remainder when 182 is divided by w.
20
Let w(s) = s**2 + 8*s - 9. Let x = -15 + 5. Calculate the remainder when w(x) is divided by (0 - (-4)/6)*9.
5
Let t = 0 - -3. Let v = -7 + 3. Let u = v + 14. Calculate the remainder when u is divided by t.
1
Let k = -47 - -68. Suppose x + 4*m - 17 = 6, 0 = 5*x - 2*m - 5. Calculate the remainder when 183*(x/(-1))/(-9) is divided by k.
19
Let d = -59 - -68. Calculate the remainder when 241 is divided by d.
7
Let k = 1261 - 454. Calculate the remainder when k is divided by 54.
51
Suppose 4*k - 2*p + p = 9, -3*k - 4*p + 21 = 0. Suppose m + k*l - 52 = 0, 5*m + 4*l = 190 + 26. What is the remainder when 157 is divided by m?
37
Let w(r) = -r**3 + 7*r**2 - 3*r. Suppose -9*p + 55 = 2*p. Suppose 5*v + 49 - 139 = -p*x, 0 = -5*v - 3*x + 92. Calculate the remainder when w(5) is divided by v.
16
Let z(j) = -j**2 + 11*j + 7. Let u be z(11). Let d = u - -10. Suppose -d = -6*l + 37. What is the remainder when 35 is divided by l?
8
Let c(j) = j**3 - 8*j**2 + 10*j + 5. Suppose 2*t + 3*p - 14 = 0, 0 = t - 2*p - 0 - 7. Calculate the remainder when 50 is divided by c(t).
24
Suppose -10*n + 390 = -5*n - h, 2*h = 0. What is the remainder when n is divided by 47?
31
Suppose 0 = 4*p + c - 16, 4*c + 59 = 5*p + 18. What is the remainder when (13/(-39))/((-308)/102 + 3) is divided by p?
2
Suppose 38*q = 33*q + 130. Suppose 0 = h - 4*s - q, -37 = -2*h + 3*s + 5. What is the remainder when 233 is divided by h?
17
Let u = -451 - -473. Calculate the remainder when 348 is divided by u.
18
Let a(b) = -1 - 5*b - 10 + 37 + 10. Calculate the remainder when a(-10) is divided by 22.
20
Let t = 25 + -5. Let y = -9 + 45. What is the remainder when y is divided by t?
16
Let d(z) = z**3 + 2*z**2 - 28*z - 11. Calculate the remainder when 375 is divided by d(-6).
11
Suppose 37*j - 292 = 115. What is the remainder when j is divided by 7?
4
Suppose 0 = -3*m - 28 + 280. What is the remainder when m is divided by 17?
16
Suppose x + 2*x - q - 122 = 0, x + 5*q - 30 = 0. Let h = -27 + x. Let p = -64 - -100. Calculate the remainder when p is divided by h.
10
Let h(q) = -q**2 - 7*q - 3. Let c be h(-7). Calculate the remainder when 101 is divided by 2 + -36*-4*c/(-18).
23
Let z be -227 + (-8)/(-2) + -5. Let r be (-3)/2*z/(-9). Let w = -18 - r. What is the remainder when 58 is divided by w?
18
Let n = -92 + 167. Calculate the remainder when 89 is divided by (-3 + n/35)*(0 - 21).
17
Suppose j + 2*v - 12 = 176, -v = 3*j - 589. Calculate the remainder when j is divided by 69.
60
Let g = 44 + -51. Let c(y) = -y**3 - 8*y**2 - 11*y - 2. Calculate the remainder when c(g) is divided by 14.
12
Let u(o) = 5*o - 9. Let c(t) = -8*t - 4. Let g(i) = 16*i + 8. Let d(h) = -5*c(h) - 2*g(h). Calculate the remainder when d(7) is divided by u(6).
18
Let r = -190 + 270. What is the remainder when 319 is divided by r?
79
Let v = 6 - -2. Let c = -210 - -233. What is the remainder when c is divided by v?
7
Suppose -4*p + 39 = -o, o = 5*p - 3*o - 57. Let d(i) = i**3 + i**2 + i + 9. Let j be d(0). Let t = 12 - j. What is the remainder when p is divided by t?
0
Suppose 5*t - 6 - 19 = 0. Suppose 0 = t*g - 14*g + 72. What is the remainder when 36 is divided by g?
4
Let f = 47 + -43. Suppose f*j + 8*j = 300. Calculate the remainder when 45 is divided by j.
20
Let l(m) be the first derivative of -m**3/3 - 11*m**2/2 - 4*m + 14. What is the remainder when 68 is divided by l(-9)?
12
Suppose 0 = -q + 8*q - 105. What is the remainder when q is divided by 3?
0
Let z(s) = -64*s**3 + 37*s + 36. Let x(i) = i**3 + i**2 - 3. What is the remainder when z(-1) is divided by x(3)?
30
Suppose -4*a = b + 2, 2*b + b + 5*a = 15. Let k = -69 + 73. Suppose -x - k*g = -39, -4*x + 3*g = x - 195. What is the remainder when x is divided by b?
9
Let v(t) = -45*t**3 - 3*t**2 + 1. Let